t v = 6399 + -3778. Suppose 4*l - 5*s - 18799 = 0, s + v = 2*l - 6780. Is l composite?
True
Let n = -17509 - -35232. Is n prime?
False
Suppose 2 = 2*n + 4*o, 2*n - 3*o - 3 - 13 = 0. Suppose n*b + 60 = -d - 5, 4*b = -4*d - 52. Let c = 124 + b. Is c a composite number?
True
Let i = -5064 - -5057. Let c(o) = -9*o**2 + 4*o + 39. Let p(z) = -5*z**2 + 2*z + 20. Let y(a) = -3*c(a) + 5*p(a). Is y(i) a prime number?
False
Let c = 378217 + -105524. Is c a prime number?
True
Let u be (6 - (3 + 1))/((-8)/(-91028)). Suppose -u = -45*w + 38*w. Is w prime?
True
Suppose 0 = 12*q - q - 0*q - 860101. Is q a composite number?
False
Suppose 4*f = -3*v - 11, 2*v + 5 - 6 = -f. Suppose -v*k = -3*c - 5*k + 48519, -4*k = -c + 16159. Is c composite?
True
Suppose 190653 + 154445 = 17*f - 691919. Is f composite?
False
Let l be (2 + -1)/((-2)/(-4)). Let u = 2883 - 2827. Is u - (0/l - 3) a prime number?
True
Suppose -42*i + 45*i + 258940 = 5*m, -258930 = -5*m + 5*i. Is m composite?
True
Suppose -f - 96*q + 93*q + 687961 = 0, 18 = -3*q. Is f prime?
False
Suppose 224*b - 650188 = 180*b. Is b a prime number?
False
Let i(s) = -2*s**3 - 3*s**2 + 6*s + 5. Let k(o) = 2*o + 8. Let l be k(-3). Let v be 4/6*((l - 13) + 2). Is i(v) prime?
True
Let t(w) = -965*w + 11. Let n be t(-2). Suppose 2*p = 2*g - 3*g + n, -5*g - 976 = -p. Is p composite?
False
Let x = -5 + 5. Suppose 4*k = -o - 0 - 4, x = -o - 5*k - 3. Let g(w) = 10*w**2 - 2*w - 15. Is g(o) composite?
False
Suppose 4*j + 8 = -4*a, -4*a - a + 14 = -j. Suppose 236 = -2*v + 3*b + 889, -5*b = -a*v + 655. Let n = 716 + v. Is n a prime number?
False
Let m = -88805 + 190006. Is m prime?
False
Let b(t) = 523*t - 65. Let j be 4/7*(-5)/20*-42. Is b(j) a composite number?
True
Let s(q) = 1234*q + 66. Let g be s(5). Suppose -6*z + z - 3132 = -2*v, 4*v = -4*z + g. Is v composite?
True
Let r(t) = -7932*t - 3175. Is r(-31) a composite number?
True
Let s be -3 + (-4)/((-20)/35). Suppose -s*b + 13 = -3. Is 1087*(-5)/(-20)*b prime?
True
Let l = 154125 - -287062. Is l a prime number?
True
Let h(r) = 32382*r + 599. Is h(5) a prime number?
False
Let d be (-82)/(-26) - (-40)/30*6/(-52). Let j(s) be the third derivative of 21*s**4/2 + 5*s**3/6 - s**2. Is j(d) prime?
True
Let m(g) = 200*g**2 - 54*g + 89. Is m(23) prime?
False
Let z = 10 - 10. Suppose 0 = -2*j - 2*l + 2, j - l + z = -1. Suppose j = 6*h + h - 2149. Is h prime?
True
Let a(h) = 1137*h**2 - 56*h - 718. Is a(-15) a composite number?
False
Let m = 25 - -15. Suppose -4*i - 28 = -m. Suppose -2*w = i*w - 20, -3*y = -w - 749. Is y a composite number?
False
Let f be 36/(-8)*(-46)/(-3). Let r = f + 74. Suppose -o + 4*o = g - 2642, -2*g + 5251 = r*o. Is g a prime number?
True
Let q(m) = 45*m**2 + 5*m + 13. Let y(d) = -45*d**2 - 6*d - 14. Let v(o) = 3*q(o) + 2*y(o). Suppose -3*f - 15 = -6*f. Is v(f) a composite number?
False
Let f(k) = 66*k**3 - 14*k**2 + 105*k - 61. Is f(18) composite?
True
Is ((-20)/(-25))/(72/16168590) a prime number?
True
Suppose 21*k - 201925 - 270405 = -6529. Is k a prime number?
False
Suppose 0 = p - 2*m + 944, 909 = -4*p - 4*m - 2879. Let r = -569 - p. Is r prime?
False
Let x(q) = -13*q**2 - 36*q - 235. Let z be x(-10). Let j = 3180 + z. Is j prime?
False
Suppose -10*l = -4*l - 36. Suppose 3*q - q - 1915 = d, 0 = -2*d - l. Suppose -h = 3*h - q. Is h a prime number?
True
Let u(j) be the second derivative of 317*j**3/2 - j**2 - j. Suppose 9*p = 20 - 22 + 11. Is u(p) a composite number?
True
Suppose -n - 21130 = 2*h - 67862, -3*h = -n - 70093. Is h composite?
True
Suppose 4*x + 10 = 2*k, 0 = 5*k - 2*x - 3 + 2. Let l be (-4 - -5)*(k - (-1 - 0)). Suppose -19*c + 23*c - 4844 = l. Is c composite?
True
Suppose -2776 = -38*u + 1138. Let a = u - -732. Is a a prime number?
False
Suppose 26325 = 3*a - 3*c, 566*a + 43883 = 571*a - 3*c. Is a prime?
True
Let v = -5 - 16. Let u(l) = 9*l**2 + 14*l - 18. Let w be u(v). Suppose -2*n - 3*t = -6*t - 2438, -3*n = 5*t - w. Is n a prime number?
False
Let s(o) = 5181*o**2 - 11*o - 27. Is s(-2) a composite number?
False
Let y = 30724 + 619. Is y prime?
False
Let o(h) = -h**2 - h - 1. Let r(c) = 81*c**3 + 4*c**2 - 15*c - 59. Let l(j) = 2*o(j) - r(j). Is l(-5) composite?
False
Suppose 3*q = -t + 9, 4*q + 0 = -3*t + 7. Is 6123 - (q + -6 + 4) a prime number?
True
Is (27182*(-6)/(-4))/(60/(-200)*-10) a prime number?
True
Let m(j) = -71*j**3 + 47*j**2 + 1009*j - 22. Is m(-15) a composite number?
False
Suppose -20*z = -6716933 - 1231287. Is z a prime number?
False
Let i be (-2 - (-1)/(-1) - -110)/1. Let z(t) = -i - t - 6*t + 4*t**2 + 105. Is z(13) a prime number?
False
Let d(j) = 2816*j**2 + 17*j + 16. Let t be 9/(-8) + (-18)/(-144). Is d(t) a prime number?
False
Suppose -15*d + 2*d = 26. Is (-38421)/(-12) + (-3)/4 + d a prime number?
False
Is (1/4*-2)/((-10)/1797620) prime?
False
Let h(j) = -43*j - 7. Suppose -12 = -4*b - 2*b. Suppose -y - 16 = 5*v + 19, b*y = -4*v - 34. Is h(v) a composite number?
False
Let m(i) = -67*i + 4. Let p(t) = 201*t - 11. Let u(l) = -8*m(l) - 3*p(l). Suppose 0 = 3*f + 4*y + 12, 0 = f - y + 11 - 0. Is u(f) prime?
False
Let n = 0 - -14. Suppose 12*p = n*p - 2*w - 588, 0 = -w - 3. Is p a prime number?
False
Is 3*6/(-90) - 516060/(-50) a prime number?
True
Let l(q) = 22199*q**2 - 90*q + 678. Is l(7) prime?
True
Suppose 0 = 3*q + 5 - 14. Suppose -k - q*u = -2*k - 2066, 4*k + 4*u = -8312. Let t = k - -6276. Is t prime?
True
Suppose 195*i = 204*i + 11556. Suppose -4*l + 1725 = -5*g, -5*l - 157 = 5*g - 2257. Let o = l - i. Is o composite?
False
Let v(z) = 407*z**2 + 92*z - 1103. Is v(24) prime?
True
Suppose q - 2*q + 4 = 0. Suppose v = 3*c - 2060, -378 = -c - q*v + 287. Let f = -338 + c. Is f a composite number?
False
Suppose -4*o - a + 15842 = 0, 0*a - 9*a = 18. Is o a prime number?
False
Suppose 6470*i + 140338 = 6481*i. Is i a composite number?
True
Suppose 5*c = -16*c + 546. Is 251442/c + 4/26 composite?
True
Suppose 25*i - 5201397 = -6*i + 2267836. Is i a prime number?
True
Let s(i) = 14 + 4*i - 17*i**3 + 5*i**3 - 4*i + 2*i**2. Let a be s(-6). Is (-2)/7 + a/14 prime?
True
Let s be (-3666)/42 - 2/(-28)*4. Let d = s - -81. Is (-4 + -2)/d*(469 + -2) composite?
False
Let p(s) = s**3 + 2*s**2 - 5*s - 3. Let b(n) = 3*n - 4. Let u be b(2). Let f be p(u). Suppose -c + l + 668 = 0, 3*c + c = f*l + 2677. Is c a composite number?
False
Suppose -15*s + 24 = -9*s. Suppose 5*h + 0*h = -4*x + 21, 0 = -s*x + h + 15. Suppose -2*j + 15150 = 4*z, 0 = x*j - 5 + 1. Is z composite?
True
Suppose -7*d + 550 = -2*d. Let g(m) = m**3 - 15*m**2 + 19*m - 20. Let u be g(15). Let s = u - d. Is s a prime number?
False
Let g(u) = 2*u**2 + 17*u + 7. Let t be g(-8). Let h be ((-120)/16)/((-361)/364 - t). Let s = -353 - h. Is s prime?
True
Suppose 6*q + 0*q = -1278. Let r = q - -416. Let s = 948 - r. Is s a prime number?
False
Let q(c) = 4242*c - 3961. Is q(9) composite?
False
Let y be 62102/6 + (-3 - 24/(-9)). Suppose -2*f + 2*m = -3256, 5*f - y = -5*m - 2180. Is f prime?
False
Suppose -10*v + 28 = -22. Suppose -2*c - 2*i = -6*c + 38, v*c + 5*i - 70 = 0. Suppose -7*q = -c*q + 2228. Is q a prime number?
True
Let j = -469 + 771. Suppose 0 = -j*f + 287*f + 39405. Is f prime?
False
Let y(j) = 945*j**2 - 8*j - 130. Is y(-12) prime?
False
Let u = -15767 + 44023. Suppose -24818 = -14*k + u. Is k composite?
True
Let l(w) = 10*w**2 + 75*w - 7. Let s be l(-8). Suppose 8*a - s*a = -210775. Is a prime?
True
Suppose -b = 3*s + 459, 3*s + 5*b = -420 - 27. Let r = 33 - s. Suppose 11*y = 10*y + r. Is y composite?
True
Suppose 0 = -2*l - 2*d + 6, 2*l - 4*d + 0*d + 6 = 0. Let g be ((-90)/72)/(l*2/(-8)). Suppose 2*b = g*u - 0*u - 1259, 5*u = -3*b + 1249. Is u prime?
True
Let a = -242895 - -425472. Is a a prime number?
False
Let o = -26 + 26. Is o + 1948 + -6 - -1 prime?
False
Let m(z) be the third derivative of -z**5/60 + 17*z**4/24 - 9*z**3/2 + 12*z**2. Let h be m(15). Suppose -3*p = h*q - 2295, 0*q - 3*q + 2*p = -2315. Is q prime?
True
Suppose -4*j = -4*y + y, 4*j = -4*y. Suppose j = -l + 25 + 954. Is l a composite number?
True
Is (-208)/(-108) + -2 - (-268601980)/540 prime?
True
Let b(x) = -x**3 - x**2 - 15*x + 318983. Is b(0) composite?
True
Let x = 11209 + -19808. Let i = x - -15120. Is i a composite number?
False
Let c be -57*(44 - -7)*4/4. Suppose 2*u + 381 = 5*q, -3*q = 2*